y l?
4
Suppose -8*k + 5179 = 1451. Let o = -425 + k. What is the remainder when 52 is divided by o?
11
Let y be 3/(-6) + 57/6. Let p(u) = u. Let l(r) = r**2 - 13*r - 1. Let o(j) = -l(j) - 2*p(j). Calculate the remainder when o(y) is divided by 13.
6
Let d = -800 - -1125. Suppose d = 14*c - 599. Calculate the remainder when 260 is divided by c.
62
Let k = 72 + 15. Let x = -209 - -224. What is the remainder when k is divided by 9/(-15) + 234/x?
12
Suppose -2780 = -5*y + 4*v - 896, -5*y = -5*v - 1880. Suppose -5*a = 15*a - y. What is the remainder when 110 is divided by a?
15
Let f(a) = a**2 + 3. Let b be f(0). Suppose 0 = -4*q + 3*w - b, -q + 3 = q - 3*w. Calculate the remainder when (-3)/(q/4) - (3 - 53) is divided by 5.
4
Let w(b) = 64*b**2 + 5*b - 44. Calculate the remainder when w(-3) is divided by 39.
10
Let w(y) be the first derivative of y**3/3 + 2*y**2 - 21*y + 9. Let g be w(7). Suppose g = v - 15. Calculate the remainder when v is divided by 19.
14
Let g(x) = 3*x - 76. Let z be g(24). Let j be (6/4)/(z/(-152)). Let d = -54 + j. Calculate the remainder when 10 is divided by d.
1
Let k = 8136 + -7485. Calculate the remainder when k is divided by 40.
11
Let a(i) = 19*i - 82. Let g be a(4). What is the remainder when 119/(-5 - g/1) is divided by 15?
14
What is the remainder when (-1788)/(-10) + 4/(-5) is divided by -5*156/(91/(-7))?
58
Suppose -6*l + 56 = -40. Suppose -l*c + 766 - 206 = 0. Calculate the remainder when c is divided by 23.
12
Suppose -2*m - 2*g = -15382, -9*m + 61577 = -m + g. What is the remainder when m is divided by 100?
98
Suppose -271*i - 232*i = -553*i + 74550. Calculate the remainder when i is divided by 23.
19
Suppose -10*v + 11 = 17*v - 259. What is the remainder when 3733 is divided by v?
3
Calculate the remainder when 2040*2 - ((-9)/(-6) - 9/6) is divided by 77.
76
Let a = -6 - -20. Let d(h) = -h**3 - 25*h**2 + 23*h - 35. Calculate the remainder when d(-26) is divided by 150/a - (-8)/28.
10
Let x be 2*133/28*22. Let u = x + -207. What is the remainder when 8 is divided by u?
0
Suppose -4*j - 20*q + 83 = -25*q, 0 = -3*j + 4*q + 63. What is the remainder when 2345 is divided by j?
16
Let h(k) = -40*k - 233. Calculate the remainder when h(-17) is divided by 65.
57
Let y = -15 + 105. What is the remainder when y is divided by (324/(-7) + 10/35)/(-2)?
21
Let f = -5 - -34. Calculate the remainder when 5 - (2 - 20/5 - 630/9) is divided by f.
19
Let a(j) = j**2 - 8*j - 52. Let z be (5/2)/((-15)/(-12)). Suppose -5*u + 33 = -z*u. What is the remainder when a(-7) is divided by u?
9
Suppose 178 = -4*b + 5*h + 288, -5*b + 181 = h. Calculate the remainder when 325 is divided by b.
10
Let q(h) = -7*h**3 + 10*h**2 + 163*h - 2. What is the remainder when q(-8) is divided by 39?
32
Suppose 11*d = 16119 + 23382. Suppose 29*m - 10*m = d. Calculate the remainder when m is divided by 32.
29
Suppose -2*k = -2*h - 4*k + 104, -h - 2*k + 45 = 0. Suppose -i = i - 260. Calculate the remainder when i is divided by h.
12
Let m be (-836)/(-6) + 4/6. Suppose 5*j - 120 - m = 0. What is the remainder when j is divided by (17 - 750/15)*(-3)/11?
7
Suppose 5*f + 9*z - 12 = 10*z, -4*f - 4*z + 24 = 0. Suppose 0 = -5*m + 4*m - f*u + 158, -3*m = u - 482. Calculate the remainder when m is divided by 18.
17
Let h(j) = 5*j**2 + 4*j - 4. Let c = -2605 + 2778. What is the remainder when c is divided by h(-4)?
53
Suppose 5*n = 6*n - 407 + 125. Calculate the remainder when 285 is divided by n.
3
Suppose -403 - 143 = -13*i. Let b = i + -20. What is the remainder when 42 is divided by b?
20
Suppose -8*f + 2*f + 24 = 0. Suppose f*v + 78 - 7 = 5*h, -3*h + v = -37. Let o(p) = -4*p + 5. Calculate the remainder when h is divided by o(0).
1
Let x(j) = -13*j + 399. What is the remainder when x(18) is divided by 78?
9
Let t be (-1)/(3/630)*(-7)/(-7). Let y = 234 + t. What is the remainder when 141 is divided by y?
21
Let d(n) = 26*n - 1. Suppose 77 = o - 5*t, 21*o + 50 = 22*o - 2*t. Calculate the remainder when d(4) is divided by o.
7
Calculate the remainder when 4118 is divided by 15 - (-95 + 15)/16.
18
Let o(u) = 4*u - 20. Let c be o(3). What is the remainder when (-11)/(44/c) + 110 is divided by 35?
7
Let l = 190 - 123. Let q = -1493 + 1826. Calculate the remainder when q is divided by l.
65
Suppose 4700 = 110*k + 175 - 95. What is the remainder when 2054 is divided by k?
38
Let h be 1 - 5 - 3*-1. Suppose -42*x - 290 = -1676. What is the remainder when x is divided by (12/h)/(-2 + 1)?
9
Let w be (-308)/(-49) - 1/((-21)/(-6)). Let s be w/(-4)*16/6*-1. Suppose 0 = s*g + 4, 0*z - 4*z + 555 = g. Calculate the remainder when z is divided by 35.
34
Let a = 407 + -257. Suppose -6*s + a = 84. Let i(q) = 13*q**2 - 4*q + 2. What is the remainder when i(3) is divided by s?
8
Let z(l) = 3*l**2 + 19*l - 4. Let b be 6/(-1) - (0 - -1). Let q(a) = -2*a**3 - 8*a**2 + 10*a - 9. Calculate the remainder when q(b) is divided by z(-8).
35
Let k(w) = 343*w + 2399. Let l be k(-7). Let z be 2/(-4) - (-2)/(-4). Calculate the remainder when 28 is divided by z/(-7 - -6)*(-8)/l.
0
Suppose -16*a - 12*b = -11*a - 246, -2*a = 4*b - 92. Calculate the remainder when 8098 is divided by a.
28
What is the remainder when ((-70)/3 + -1)*(-13 - (-200)/20) is divided by 26?
21
Let g = 869 + -842. Calculate the remainder when 1076 is divided by g.
23
Let c be (4/7)/(-2 - (-48)/21). Suppose -j + c*j = 29. Calculate the remainder when j is divided by 6.
5
Let l = 387 + -373. Calculate the remainder when 24 is divided by 2 - (-4)/l*(-11 - -18).
0
Suppose -x = -3*m + 62, 2*m - 2*x - 26 = 22. Suppose 4*v - 364 = -0*v. What is the remainder when v is divided by m?
15
Suppose 3*i = -0*i + 198. Suppose -415 = -52*x - 31*x. What is the remainder when i is divided by x?
1
Let k(q) = 5*q**2 - 3*q - 10. Let f be k(-2). Suppose -g + f = 5*m, 4*g - 2*m - 136 = 2*m. Let j = -23 - -115. Calculate the remainder when j is divided by g.
30
Let q be 1/10 - 447/(-30). Let h = -12 + 58. Calculate the remainder when h is divided by (-24)/q*(-1 - 4).
6
Let j(f) = -867*f + 27793. Let q(x) = 6*x**2 + 2. Calculate the remainder when j(32) is divided by q(2).
23
Let y(p) = -p**3 + 2*p**2 - 5*p + 29. Let q be (-1)/(-4) - (-8)/(-32). What is the remainder when 33 is divided by y(q)?
4
Suppose -4*f - 51 = -2*c + f, 0 = c - 2*f - 23. Suppose 3*s + 11 = -t - 3, -6 = t + 5*s. Let z = t + 61. Calculate the remainder when z is divided by c.
9
Suppose -12*l + 212 + 148 = 0. Calculate the remainder when 51 is divided by l.
21
Suppose 344*d = 347*d - 177. Calculate the remainder when 260 is divided by d.
24
Suppose 26 = 117*m - 130*m. Calculate the remainder when (-886)/6*m + (-28)/21 is divided by 33.
30
Suppose -389 = -o + 2*o + j, 4*o - j = -1541. Let m = 470 + o. What is the remainder when m is divided by (29/(-2))/((-7)/14)?
26
Suppose -2*k + 8 = 0, 4*k + 15 = 32*x - 31*x. What is the remainder when 236 is divided by x?
19
Let r(j) = 4*j**2 + 146*j - 140. What is the remainder when r(-48) is divided by 115?
113
Suppose -3*c + 5*c - 30 = 0. Suppose 3*x - 636 + 0 = 0. Suppose 0*s + x = 4*s. What is the remainder when s is divided by c?
8
Let i = 64 - 61. Let g = i - -49. What is the remainder when g is divided by 6/(3*6/27)?
7
Suppose -n = 3 - 32. Suppose 6*d - 11*d + 255 = 3*s, 3*d - 147 = -3*s. What is the remainder when d is divided by n?
25
Suppose 5*x = g - 38, 4*g + 2*x - 62 - 178 = 0. Let h = -256 - g. Calculate the remainder when h/(-4)*(-20 - -22) is divided by 27.
22
Let g = 7 + -3. Let r = 72 - 30. Suppose 40*f - r*f = -32. Calculate the remainder when f is divided by g.
0
Let k = 4058 + -3930. Calculate the remainder when k is divided by 56.
16
Let v(r) = 15*r**2 - 348*r - 55. What is the remainder when v(24) is divided by 228?
5
Let j = 115 + -113. Suppose 4*d - 6 = -j. What is the remainder when (-5619)/(-45) + 13/(-15) + d is divided by 21?
20
Let h(p) = p**3 - 10*p**2 + 10*p + 5. What is the remainder when 10/80 + (-526)/(-16) is divided by h(9)?
5
Let z be (42/126)/((-4)/(-6))*-2. Let j(d) = -154*d + 4. Calculate the remainder when j(z) is divided by 20.
18
Let d = 162 + -152. Let b(c) = 11*c - 77. Suppose 0 = -y + 11 + 6. What is the remainder when b(d) is divided by y?
16
Let m(o) be the third derivative of -o**5/30 - 29*